ommon divisor of 32 and d?
16
Let m be ((-88)/(-24)*6/(-4))/(73/(-4234)). Calculate the highest common factor of m and 261.
29
Suppose -326*j + 295*j = -4123. What is the highest common divisor of 35 and j?
7
Let a be -1*(-72 + 252/(-18)). What is the highest common divisor of 2451 and a?
43
Let y(s) = 24*s - 265. Let m be y(13). Suppose m*n - 93 = 377. Suppose -z - 4*v = -29, -3*v = 14 - 2. Calculate the highest common factor of n and z.
5
Let f be -6 + 1/2*8. Let w be -10 - (f + 0)/(-2). Let c be (-2)/w - (-7696)/143. What is the greatest common factor of 6 and c?
6
Suppose 34*m - 35 = 27*m. Suppose -4*h - 161 + 16 = -m*c, 0 = -5*c - 2*h + 145. What is the greatest common divisor of 87 and c?
29
Let s(k) = k + 32*k + 52*k - 5*k + 105 + 4*k. Let d be s(3). Calculate the highest common factor of 42 and d.
21
Suppose -4*z - 19*z + 66 = -12*z. Suppose -4*p + 2*p = -c - 9, -5*c - 9 = 2*p. Suppose -p*f + 4 = -2*f. Calculate the greatest common divisor of z and f.
2
Let n(a) = -a**3 + 22*a**2 + 136*a - 2. Let v be n(16). What is the highest common factor of v and 560?
70
Let u be (-7 - (-1 - 0)) + 897. Calculate the greatest common divisor of 396 and u.
99
Let o be -1 - (-2 - -1) - -1. Let q(y) = 24*y**2 + 33*y**2 + 65*y**2 + 58*y**2 + 27*y**2. Let p be q(o). What is the highest common divisor of p and 23?
23
Let n(r) = -947*r - 3336. Let d be n(-14). Calculate the highest common factor of d and 164.
82
Let y(c) = -c**3 - 7*c**2 - c - 5. Let x be y(-5). Let j be (x/(-3))/(4/24*4). Let s = j - 4. What is the greatest common divisor of 14 and s?
7
Suppose 0 = -13*i + 2024 + 69. Suppose 4*r - r = 207. What is the highest common factor of r and i?
23
Suppose 6*s + 82*s = 73656. What is the greatest common divisor of 744 and s?
93
Let n be -699*2/3*21/(-14). Suppose -5*p + 4*p + 3*b = -n, 4*b - 3400 = -5*p. Calculate the greatest common factor of 36 and p.
36
Let v = 33 + -28. Let p be (v/10)/((-1)/(-48)). Suppose 4*j - p = j. Calculate the greatest common divisor of 64 and j.
8
Let a(q) = -110*q - 579. Let l be a(-12). Suppose 158 = 4*m + g, 4*g - 57 = -4*m + 107. Calculate the greatest common divisor of l and m.
39
Let s(t) = 5*t**2 + 40*t + 385. Let p be s(-14). What is the greatest common divisor of 1715 and p?
35
Let b = -3 + 5. Let w(s) = -21576*s - 150974. Let k be w(-7). Calculate the highest common divisor of b and k.
2
Let b(d) = 3*d + 2. Let l be b(6). Suppose 0*u = 22*u - 38522. Suppose -12*f + 409 = -u. Calculate the highest common divisor of f and l.
20
Suppose 13650 = 154*o - 129*o. What is the highest common factor of 351 and o?
39
Suppose 1 = w + 5*c, 46*w - 51*w + 3*c = -89. Calculate the highest common factor of w and 2000.
16
Let o(h) = -3*h + 3. Let t be o(-2). Let x(b) = 25*b**2 + t*b - b - b - 2. Let p be x(2). What is the greatest common factor of p and 16?
16
Let m(j) = -5*j + 89. Let x be m(19). Let y be (-3)/12*6*556/x. Calculate the highest common divisor of y and 1.
1
Let u(o) = -26*o**2 + 75*o - 79. Let d(a) = -14*a**2 + 37*a - 40. Let b(k) = 11*d(k) - 6*u(k). Let w be b(29). What is the greatest common divisor of 67 and w?
67
Let b be (70/(-140))/(3 - (-343)/(-114)). Calculate the greatest common divisor of 5529 and b.
57
Let h(y) = -1440*y - 8192. Let d be h(-6). Let b(k) = k**3 + 6*k**2 - 9*k. Let z be b(-7). What is the highest common divisor of d and z?
14
Let a be (-11)/(352/(-24)) - (-11)/(-4). Let f be 50 + a/(3 - 2). What is the highest common factor of f and 36?
12
Let p = -4933 - -5159. What is the greatest common factor of 7 and p?
1
Suppose -2*o + 4*o = 4. Let h(p) = -p**2 - 61*p + 341. Let x be h(5). What is the highest common factor of o and x?
1
Let j(k) = -k**3 - 16*k**2 + 3*k. Let c(w) = w**2 - w - 1. Let d(n) = -6*c(n) - j(n). Let f be d(-6). What is the highest common divisor of 330 and f?
66
Let r = -2192 - -2396. Calculate the greatest common factor of 552 and r.
12
Let w be -1 + 2/2 - -30. Suppose -102*l + 62 = -71*l. Suppose g - l*z = 69, 36 = -2*g + 5*z + 171. What is the highest common divisor of w and g?
15
Let g(j) = 10*j + 6. Let u be g(4). Let o(p) = p**3 - 34*p**2 + 33*p + 18. Let y be o(33). Let x = u - y. Calculate the highest common factor of x and 42.
14
Suppose -4*s + 54 = -258. Let i be s/(-1)*-4*2/16. Let l be 469/3 + (-11)/33. Calculate the greatest common factor of l and i.
39
Let p = -72 - -74. Suppose 2*a + 34 = p*s, 0 = -0*a - 4*a - 8. Let u be 4/(-6) - (1700/s)/(-5). What is the greatest common factor of 33 and u?
11
Suppose 213*n + 92004 = 281*n. Calculate the highest common divisor of n and 264.
33
Let s be -1 + ((-8)/6 - 703/(-3)). Let m = s + -224. Calculate the greatest common factor of 48 and m.
8
Suppose -14 - 10 = -8*m. Let x(l) = -m*l - 13 + 26 - 19. Let b be x(-9). Calculate the highest common divisor of 3 and b.
3
Let u be 54/90 - (70/(-25))/2. Calculate the greatest common divisor of 29 and u.
1
Let n(c) = c**3 - 49*c + 140. Let k be n(3). Calculate the greatest common factor of 17300 and k.
20
Let h be -2 + (13 - 5 - -6). Suppose -h*y = -2*y - 1560. Calculate the highest common divisor of y and 286.
26
Suppose -27*n = -5*n + 3*n - 179275. Calculate the highest common factor of 71 and n.
71
Let s = 528 - 372. Let c(g) = g**2 + 32*g + 164. Let i be c(-6). Let v be 3608/308 + (i/14)/2. Calculate the greatest common divisor of v and s.
12
Suppose r + 280 = k, 246*r = k + 251*r - 280. Calculate the highest common divisor of k and 7490.
70
Suppose 2*i - 5*i + k - 653 = 0, 0 = -2*i - 5*k - 424. Suppose f = 6*f + 1855. Let z = i - f. What is the greatest common divisor of 14 and z?
14
Let t = 125 + -131. Let i be t/(94/(-23) - -4). Let b = -51 + i. What is the greatest common factor of 42 and b?
6
Let u be 208536/168 + (-6)/21. Suppose 5*v + 2*t - u = 148, 0 = -5*v + 5*t + 1410. What is the greatest common divisor of 31 and v?
31
Suppose 4*n = 11 + 1. Let f be (-64)/(-6) - (-1)/n. Let o = -4 + f. What is the greatest common factor of o and 49?
7
Suppose -7*b = -0 - 28. Let z(x) = -35*x**3 + 4*x**2 - 3. Let l be z(-1). Calculate the highest common divisor of l and b.
4
Suppose 2*p - 148*f - 104 = -146*f, 4*p = -5*f + 253. What is the greatest common factor of 1159 and p?
19
Let p = -25 + 30. Suppose 0 = 4*i - 2*n - 24, p*i + 0*n + n - 37 = 0. Suppose i*t + 4 = 11*t. Calculate the highest common divisor of 2 and t.
1
Let x = -13 - -13. Let l(y) = -y + 17. Let w be l(x). Let m = 2216 - 2199. What is the greatest common factor of w and m?
17
Suppose -16*t + 1618 = 466. What is the greatest common divisor of t and 549?
9
Let t be (-1)/2 - (-38)/4. Suppose -49 - 65 = 11*w - 68*w. What is the greatest common divisor of t and w?
1
Let m(g) = g**3 + 7*g**2 - 268*g + 7. Let k be m(-15). What is the greatest common factor of 17 and k?
17
Let s(p) = p**2 + 5*p - 139. Let m be s(-34). Let v = m - 432. What is the greatest common divisor of v and 83?
83
Let f = 4401 + -4257. What is the highest common factor of f and 12168?
72
Suppose i = 5*x + 9, 3*i + 6 = x + 33. Let f = -13 - -13. Suppose h - 8 = m - f, 1 = m. Calculate the greatest common factor of i and h.
9
Suppose 9308 + 2050 = 332*d - 1922. Calculate the highest common divisor of 8740 and d.
20
Suppose 3*r = 4*c + 54 + 103, -4*r + 226 = 3*c. Let t = 49 - r. Let i(g) = 4*g**2 + 22*g + 8. Let y be i(t). Calculate the greatest common factor of 80 and y.
20
Let n(o) = -6*o**3 - o**2 + 2*o + 1. Let i be n(-1). Suppose h + 8 = -h, i*z = -h + 788. Let y = 67 + -45. Calculate the greatest common divisor of y and z.
22
Let x = -37545 + 37637. What is the highest common factor of x and 10442?
46
Let w(q) = -2*q**2 + 5. Let f be w(0). Suppose k - f*k + x + 37 = 0, 3*x = -2*k + 29. Suppose -k*o + 218 = -122. What is the greatest common factor of o and 51?
17
Let w(r) = -297*r - 1437. Let y be w(-5). What is the highest common divisor of y and 4272?
48
Suppose -5*u = -3*u + 332. Let k = -34 - u. What is the greatest common divisor of 99 and k?
33
Suppose 429 + 3707 = 8*s. What is the highest common divisor of 44 and s?
11
Suppose -21*d + 3668 + 4207 = 0. What is the highest common divisor of 300 and d?
75
Let x be -5 + 86 + 4 + 7. Let l be -3 - -1 - (-231 - 1). What is the greatest common factor of l and x?
46
Suppose 109*d + 46*d - 114390